{"id":44347,"date":"2019-02-14T12:14:31","date_gmt":"2019-02-14T11:14:31","guid":{"rendered":"https:\/\/www.planet3dnow.de\/cms\/?page_id=44347"},"modified":"2019-02-14T12:14:31","modified_gmt":"2019-02-14T11:14:31","slug":"begriffserlaeuterung-zu-audiomessungen-mit-dem-rightmark-audio-analyzer","status":"publish","type":"page","link":"https:\/\/www.planet3dnow.de\/cms\/begriffserlaeuterung-zu-audiomessungen-mit-dem-rightmark-audio-analyzer\/","title":{"rendered":"Begriffserl\u00e4uterung zu Audiomessungen mit dem RightMark Audio Analyzer"},"content":{"rendered":"<p>F\u00fcr den Test der Signal\u00adqua\u00adli\u00adt\u00e4t einer Sound\u00adl\u00f6\u00adsung set\u00adzen wir den <a href=\"http:\/\/audio.rightmark.org\/index_new.shtml\" target=\"_blank\" rel=\"noopener\">Right\u00adMark Audio Ana\u00adly\u00adzer<\/a> sein. Das Pro\u00adgramm absol\u00adviert ver\u00adschie\u00adde\u00adne Tests, misst dabei die Abwei\u00adchung zwi\u00adschen aus\u00adge\u00adge\u00adbe\u00adnem und emp\u00adfan\u00adge\u00adnen Audio\u00adsi\u00adgnal (Loop\u00adback zwi\u00adschen Line Out und Line In) und berei\u00adtet die Ergeb\u00adnis\u00adse sowohl tabel\u00adla\u00adrisch, als auch gra\u00adfisch auf. Auf die\u00adser Sei\u00adte haben wir kurz zusam\u00admen\u00adge\u00adfasst, wel\u00adche Bedeu\u00adtung die ein\u00adzel\u00adnen Wer\u00adte haben. Dabei ist zu beach\u00adten, dass ledig\u00adlich eine Aus\u00adsa\u00adge \u00fcber die Signal\u00adqua\u00adli\u00adt\u00e4t get\u00e4\u00adtigt wer\u00adden kann. Spe\u00adzi\u00adel\u00adle Fea\u00adtures der Audio\u00adl\u00f6\u00adsung wer\u00adden nicht getes\u00adtet und spie\u00adlen f\u00fcr die Ergeb\u00adnis\u00adse daher kei\u00adne&nbsp;Rolle.<\/p>\n<p>Eini\u00adge Mess\u00adergeb\u00adnis\u00adse in Right\u00adMark Audio Ana\u00adly\u00adzer wer\u00adden in Dezi\u00adbel mit A\u2011weighting, kurz dB (A), ange\u00adge\u00adben. Das zus\u00e4tz\u00adli\u00adche A bedeu\u00adtet die Nut\u00adzung einer Gewich\u00adtung gegen\u00ad\u00fcber der nor\u00adma\u00adlen dB-Anga\u00adbe. Das mensch\u00adli\u00adche Geh\u00f6r ist bei\u00adspiels\u00adwei\u00adse in der Lage, T\u00f6ne im Fre\u00adquenz\u00adbe\u00adreich von etwa 20 Hertz (Hz) bis etwa 20 Kilo\u00adhertz (kHz) wahr\u00adzu\u00adneh\u00admen, jedoch wer\u00adden nicht alle Fre\u00adquenz\u00adbe\u00adrei\u00adche gleich gut wahr\u00adge\u00adnom\u00admen. Beim A\u2011weighting wird des\u00adhalb davon aus\u00adge\u00adgan\u00adgen, dass beson\u00adders hohe und beson\u00adders nied\u00adri\u00adge T\u00f6ne gerin\u00adger wahr\u00adge\u00adnom\u00admen wer\u00adden, was zu einer gerin\u00adge\u00adren Gewich\u00adtung als bei der rei\u00adnen Anga\u00adbe von dB&nbsp;f\u00fchrt.<\/p>\n<p><b>Fre\u00adquen\u00adcy response<\/b><\/p>\n<p>Fre\u00adquen\u00adcy respon\u00adse bezeich\u00adnet die Signal\u00adfre\u00adquenz bzw. deren Bereich\/Verlauf. Jeder Ton hat eine eige\u00adne Fre\u00adquenz. Hohe T\u00f6ne besit\u00adzen eine hohe Fre\u00adquenz, nied\u00adri\u00adge T\u00f6ne dem\u00adentspre\u00adchend eine nied\u00adri\u00adge Fre\u00adquenz. Min\u00addes\u00adtens \u00fcber die\u00adsen Fre\u00adquenz\u00adbe\u00adreich, idea\u00adler\u00adwei\u00adse aber weit dar\u00ad\u00fcber hin\u00adaus, soll\u00adte die im Right\u00adMark-Dia\u00adgramm ange\u00adzeig\u00adte Ergeb\u00adnis\u00adli\u00adnie der getes\u00adte\u00adten Audio\u00adl\u00f6\u00adsung m\u00f6g\u00adlichst waa\u00adge\u00adrecht ver\u00adlau\u00adfen. Je gera\u00adder die Linie und je gerin\u00adger die Abwei\u00adchung von einer gera\u00adden Linie, des\u00adto homo\u00adge\u00adner wird die Laut\u00adst\u00e4r\u00adke \u00fcber den Fre\u00adquenz\u00adbe\u00adreich aus\u00adge\u00adge\u00adben. Dabei han\u00addelt es sich um ein Qua\u00adli\u00adt\u00e4ts\u00adma\u00df f\u00fcr das \u00dcber\u00adtra\u00adgungs\u00adver\u00adhal\u00adten einer Audiol\u00f6sung.<\/p>\n<p>In der tabel\u00adla\u00adri\u00adschen Anga\u00adbe von Right\u00adMark wer\u00adden Abwei\u00adchungs\u00adwer\u00adte f\u00fcr einen Fre\u00adquenz\u00adbe\u00adreich von 40 Hz bis 15 kHz ange\u00adge\u00adben. Je n\u00e4her die Wer\u00adte an der Null-Linie lie\u00adgen, des\u00adto bes\u00adser. Zu beach\u00adten ist dabei, dass posi\u00adti\u00adve Wer\u00adte lau\u00adter und nega\u00adti\u00adve Wer\u00adte lei\u00adser&nbsp;sind.<\/p>\n<p style=\"text-align: center;\"><img loading=\"lazy\" decoding=\"async\" class=\"aligncenter size-full wp-image-44356\" src=\"https:\/\/www.planet3dnow.de\/cms\/wp-content\/uploads\/2019\/02\/fr.png\" alt=\"RightMark Audio Analyzer: Frequency response\" width=\"687\" height=\"451\" srcset=\"https:\/\/www.planet3dnow.de\/cms\/wp-content\/uploads\/2019\/02\/fr.png 687w, https:\/\/www.planet3dnow.de\/cms\/wp-content\/uploads\/2019\/02\/fr-300x197.png 300w, https:\/\/www.planet3dnow.de\/cms\/wp-content\/uploads\/2019\/02\/fr-624x410.png 624w\" sizes=\"auto, (max-width: 687px) 100vw, 687px\"><\/p>\n<p><b>Noi\u00adse&nbsp;Level<\/b><\/p>\n<p>Mit Noi\u00adse Level wird der Rausch\u00adpe\u00adgel bzw. das Eigen\u00adrau\u00adschen eines Ger\u00e4\u00adtes in dB (A) ange\u00adge\u00adben. Da das Eigen\u00adrau\u00adschen eines Ger\u00e4\u00adtes nega\u00adti\u00adve Aus\u00adwir\u00adkun\u00adgen auf das Klang\u00ader\u00adleb\u00adnis hat, ist ein m\u00f6g\u00adlichst gerin\u00adger Ein\u00adfluss w\u00fcn\u00adschens\u00adwert. Je n\u00e4her das Ergeb\u00adnis zur Bezugs\u00adgr\u00f6\u00ad\u00dfe 0 dB, des\u00adto bes\u00adser. Im Dia\u00adgramm gibt der Audio Ana\u00adly\u00adzer den Pegel\u00adver\u00adlauf in dB \u00fcber den gemes\u00adse\u00adnen Fre\u00adquenz\u00adbe\u00adreich an. In der tabel\u00adla\u00adri\u00adschen Dar\u00adstel\u00adlung wird ein ein\u00adzel\u00adner Wert mit A\u2011weighting ange\u00adge\u00adben, \u00fcbli\u00adcher\u00adwei\u00adse gemes\u00adsen bei 1 kHz. Die\u00adser Wert in dB (A) kor\u00adre\u00adliert nicht mit dem im Dia\u00adgramm ange\u00adzeig\u00adten dB-Wert.<\/p>\n<p style=\"text-align: center;\"><img loading=\"lazy\" decoding=\"async\" class=\"aligncenter size-full wp-image-44359\" src=\"https:\/\/www.planet3dnow.de\/cms\/wp-content\/uploads\/2019\/02\/noise.png\" alt=\"RightMark Audio Analyzer: Noise level\" width=\"687\" height=\"451\" srcset=\"https:\/\/www.planet3dnow.de\/cms\/wp-content\/uploads\/2019\/02\/noise.png 687w, https:\/\/www.planet3dnow.de\/cms\/wp-content\/uploads\/2019\/02\/noise-300x197.png 300w, https:\/\/www.planet3dnow.de\/cms\/wp-content\/uploads\/2019\/02\/noise-624x410.png 624w\" sizes=\"auto, (max-width: 687px) 100vw, 687px\"><\/p>\n<p><b>Dyna\u00admic&nbsp;range<\/b><\/p>\n<p>Hier\u00adbei han\u00addelt es sich um den Dyna\u00admik\u00adum\u00adfang der Audio\u00adl\u00f6\u00adsung. Gemeint ist der Bereich, in wel\u00adchem das getes\u00adte\u00adte Ger\u00e4t in der Lage ist, nicht ver\u00adzerr\u00adte T\u00f6ne aus\u00adzu\u00adge\u00adben. Das unte\u00adre Laut\u00adst\u00e4r\u00adke\u00adli\u00admit stellt dabei das Grund-\/Ei\u00adgen\u00adrau\u00adschen des Ger\u00e4\u00adtes dar, nach oben hin limi\u00adtiert die maxi\u00adma\u00adle, ver\u00adzer\u00adrungs\u00adfreie Aus\u00adsteue\u00adrung des Ger\u00e4\u00adtes. Je gr\u00f6\u00ad\u00dfer der erreich\u00adte Wert, des\u00adto bes\u00adser. Im Dia\u00adgramm wird ein\u00admal mehr dB ange\u00adge\u00adben, in der tabel\u00adla\u00adri\u00adschen Bewer\u00adtung erfolgt wie\u00adder die Anga\u00adbe mit A\u2011weighting.<\/p>\n<p style=\"text-align: center;\"><img loading=\"lazy\" decoding=\"async\" class=\"aligncenter size-full wp-image-44367\" src=\"https:\/\/www.planet3dnow.de\/cms\/wp-content\/uploads\/2019\/02\/dynamics-1.png\" alt=\"RightMark Audio Analyzer: Dynamic range\" width=\"687\" height=\"451\" srcset=\"https:\/\/www.planet3dnow.de\/cms\/wp-content\/uploads\/2019\/02\/dynamics-1.png 687w, https:\/\/www.planet3dnow.de\/cms\/wp-content\/uploads\/2019\/02\/dynamics-1-300x197.png 300w, https:\/\/www.planet3dnow.de\/cms\/wp-content\/uploads\/2019\/02\/dynamics-1-624x410.png 624w\" sizes=\"auto, (max-width: 687px) 100vw, 687px\"><\/p>\n<p><b><span class=\"caps\">THD<\/span><\/b><\/p>\n<p>Durch ampli\u00adtu\u00adden\u00adab\u00adh\u00e4n\u00adgi\u00adge Ver\u00adst\u00e4r\u00adkung oder D\u00e4mp\u00adfung durch ein \u00dcber\u00adtra\u00adgungs\u00adglied ver\u00ad\u00e4n\u00addert sich ein Ein\u00adgangs\u00adsi\u00adgnal. Es wird nicht\u00adli\u00adne\u00adar ver\u00adzerrt. Dadurch ent\u00adste\u00adhen Ober\u00adt\u00f6\u00adne, die im Ori\u00adgi\u00adnal\u00adsi\u00adgnal nicht vor\u00adhan\u00adden sind. Bei <span class=\"caps\">THD<\/span>, aus\u00adge\u00adschrie\u00adben <i>Total har\u00admo\u00adnic dis\u00adtor\u00adti\u00adon<\/i>, han\u00addelt es sich um eine Pro\u00adzent\u00adan\u00adga\u00adbe, wel\u00adche das Ver\u00adh\u00e4lt\u00adnis zwi\u00adschen den sum\u00admier\u00adten Leis\u00adtun\u00adgen aller Ober\u00adschwin\u00adgun\u00adgen zur Leis\u00adtung der Grund\u00adschwin\u00adgung dar\u00adstellt. Je klei\u00adner der ange\u00adge\u00adbe\u00adne Pro\u00adzent\u00adsatz, des\u00adto besser.<\/p>\n<p style=\"text-align: center;\"><img loading=\"lazy\" decoding=\"async\" class=\"aligncenter size-full wp-image-44360\" src=\"https:\/\/www.planet3dnow.de\/cms\/wp-content\/uploads\/2019\/02\/thd.png\" alt=\"RightMark Audio Analyzer: THD + Noise\" width=\"687\" height=\"451\" srcset=\"https:\/\/www.planet3dnow.de\/cms\/wp-content\/uploads\/2019\/02\/thd.png 687w, https:\/\/www.planet3dnow.de\/cms\/wp-content\/uploads\/2019\/02\/thd-300x197.png 300w, https:\/\/www.planet3dnow.de\/cms\/wp-content\/uploads\/2019\/02\/thd-624x410.png 624w\" sizes=\"auto, (max-width: 687px) 100vw, 687px\"><\/p>\n<p><b>Inter\u00admo\u00addu\u00adla\u00adti\u00adon distortion<\/b><\/p>\n<p>Eine Audio\u00adl\u00f6\u00adsung \u00fcber\u00adtr\u00e4gt \u00fcbli\u00adcher\u00adwei\u00adse nicht nur einen ein\u00adzi\u00adgen Ton, son\u00addern ein Gemisch vie\u00adler T\u00f6ne und damit Fre\u00adquen\u00adzen bzw. Schwin\u00adgun\u00adgen. Dadurch ent\u00adste\u00adhen nicht nur Ober\u00adwel\u00adlen von Sinus\u00adschwin\u00adgun\u00adgen, son\u00addern auch vie\u00adle Sum\u00admen- und Dif\u00adfe\u00adrenz\u00adt\u00f6\u00adne, die T\u00f6ne \u00fcber\u00adla\u00adgern sich also. Dies st\u00f6rt das Klangerlebnis.<\/p>\n<p>Right\u00adMark ver\u00adwen\u00addet ein Zwei\u00adton-Mess\u00adver\u00adfah\u00adren f\u00fcr die Ermitt\u00adlung der Inter\u00admo\u00addu\u00adla\u00adti\u00adons\u00adver\u00adzer\u00adrun\u00adgen. Dabei wird das Ergeb\u00adnis als Dif\u00adfe\u00adrenz\u00adton\u00adver\u00adzer\u00adrung ange\u00adge\u00adben, einer Son\u00adder\u00adform der Inter\u00admo\u00addu\u00adla\u00adti\u00adons\u00adver\u00adzer\u00adrung. Die\u00adse Vari\u00adan\u00adte ist beson\u00adders f\u00fcr den obe\u00adren Fre\u00adquenz\u00adbe\u00adreich geeig\u00adnet, da in die\u00adsem Bereich <span class=\"caps\">THD<\/span> und die regu\u00adl\u00e4\u00adre Inter\u00adme\u00adodu\u00adla\u00adti\u00adons\u00adfak\u00adtor\u00admes\u00adsung nicht mehr sinn\u00advoll genutzt wer\u00adden k\u00f6n\u00adnen. Zwei Test\u00adt\u00f6\u00adne mit nah bei\u00adein\u00adan\u00adder lie\u00adgen\u00adden Fre\u00adquen\u00adzen wer\u00adden aus\u00adge\u00adge\u00adben. Die Men\u00adge der neu ent\u00adstan\u00adde\u00adnen T\u00f6ne wird in Pro\u00adzent ange\u00adge\u00adben. Je klei\u00adner der Wert, des\u00adto besser.<\/p>\n<p style=\"text-align: center;\"><img loading=\"lazy\" decoding=\"async\" class=\"aligncenter size-full wp-image-44357\" src=\"https:\/\/www.planet3dnow.de\/cms\/wp-content\/uploads\/2019\/02\/imd.png\" alt=\"RightMark Audio Analyzer: IMD\" width=\"687\" height=\"451\" srcset=\"https:\/\/www.planet3dnow.de\/cms\/wp-content\/uploads\/2019\/02\/imd.png 687w, https:\/\/www.planet3dnow.de\/cms\/wp-content\/uploads\/2019\/02\/imd-300x197.png 300w, https:\/\/www.planet3dnow.de\/cms\/wp-content\/uploads\/2019\/02\/imd-624x410.png 624w\" sizes=\"auto, (max-width: 687px) 100vw, 687px\"><\/p>\n<p><b>Ste\u00adreo crosstalk<\/b><\/p>\n<p>Ste\u00adreo cross\u00adtalk bezeich\u00adnet das Ver\u00adhal\u00adten des \u00dcber\u00adspre\u00adchens von einem Signal\u00adka\u00adnal zu einem ande\u00adren. Ein Signal\u00adka\u00adnal wird dabei mit einem Signal ange\u00adsteu\u00adert, ein ande\u00adrer nicht. Auf dem nicht ange\u00adsteu\u00ader\u00adten Kanal wird anschlie\u00ad\u00dfend gepr\u00fcft, wel\u00adcher Anteil des Signals des ande\u00adren Kanals ankommt. Die Anga\u00adbe erfolgt in dB, wobei das Ergeb\u00adnis umso bes\u00adser wird, je n\u00e4her es zur Null&nbsp;steht.<\/p>\n<p style=\"text-align: center;\"><img loading=\"lazy\" decoding=\"async\" class=\"aligncenter size-full wp-image-44354\" src=\"https:\/\/www.planet3dnow.de\/cms\/wp-content\/uploads\/2019\/02\/cross.png\" alt=\"RightMark Audio Analyzer: Stereo crosstalk\" width=\"687\" height=\"451\" srcset=\"https:\/\/www.planet3dnow.de\/cms\/wp-content\/uploads\/2019\/02\/cross.png 687w, https:\/\/www.planet3dnow.de\/cms\/wp-content\/uploads\/2019\/02\/cross-300x197.png 300w, https:\/\/www.planet3dnow.de\/cms\/wp-content\/uploads\/2019\/02\/cross-624x410.png 624w\" sizes=\"auto, (max-width: 687px) 100vw, 687px\"><\/p>\n<p>Abschlie\u00ad\u00dfend das Bei\u00adspiel Test\u00adergeb\u00adnis\u00adses vom Right\u00adMark Audio Ana\u00adly\u00adzer. Es han\u00addelt sich hier\u00adbei um die tabel\u00adla\u00adri\u00adsche Dar\u00adstel\u00adlung der Ergeb\u00adnis\u00adse des Real\u00adtek <span class=\"caps\">ALC1220<\/span> vom Main\u00adboards <a href=\"http:\/\/www.planet3dnow.de\/cms\/37135-asrock-x399-taichi\/\">ASRock <span class=\"caps\">X399<\/span> Tai\u00adchi<\/a>.<\/p>\n<table style=\"width: 650px;\">\n<thead>\n<tr>\n<th style=\"text-align: left;\">Test<\/th>\n<th style=\"text-align: center;\">Ergeb\u00adnis<\/th>\n<th style=\"text-align: center;\">Wer\u00adtung<\/th>\n<\/tr>\n<\/thead>\n<tbody>\n<tr>\n<td style=\"text-align: left;\">Fre\u00adquen\u00adcy respon\u00adse (from 40 Hz to 15 kHz),&nbsp;dB:<\/td>\n<td style=\"text-align: center;\">+0.02, \u20110.04<\/td>\n<td style=\"text-align: center;\">Exzel\u00adlent<\/td>\n<\/tr>\n<tr>\n<td style=\"text-align: left;\">Noi\u00adse level, dB (A):<\/td>\n<td style=\"text-align: center;\">-95.1<\/td>\n<td style=\"text-align: center;\">Exzel\u00adlent<\/td>\n<\/tr>\n<tr>\n<td style=\"text-align: left;\">Dyna\u00admic ran\u00adge, dB (A):<\/td>\n<td style=\"text-align: center;\">95.1<\/td>\n<td style=\"text-align: center;\">Exzel\u00adlent<\/td>\n<\/tr>\n<tr>\n<td style=\"text-align: left;\"><span class=\"caps\">THD<\/span>, %:<\/td>\n<td style=\"text-align: center;\">0.0035<\/td>\n<td style=\"text-align: center;\">Sehr gut<\/td>\n<\/tr>\n<tr>\n<td style=\"text-align: left;\"><span class=\"caps\">THD<\/span> + Noi\u00adse, dB (A):<\/td>\n<td style=\"text-align: center;\">-83.9<\/td>\n<td style=\"text-align: center;\">Gut<\/td>\n<\/tr>\n<tr>\n<td style=\"text-align: left;\"><span class=\"caps\">IMD<\/span> +&nbsp;Noise,&nbsp;%:<\/td>\n<td style=\"text-align: center;\">0.0068<\/td>\n<td style=\"text-align: center;\">Exzel\u00adlent<\/td>\n<\/tr>\n<tr>\n<td style=\"text-align: left;\">Ste\u00adreo cross\u00adtalk,&nbsp;dB:<\/td>\n<td style=\"text-align: center;\">-83.3<\/td>\n<td style=\"text-align: center;\">Sehr gut<\/td>\n<\/tr>\n<tr>\n<td style=\"text-align: left;\"><span class=\"caps\">IMD<\/span> at 10&nbsp;kHz,&nbsp;%:<\/td>\n<td style=\"text-align: center;\">0.0065<\/td>\n<td style=\"text-align: center;\">Exzel\u00adlent<\/td>\n<\/tr>\n<tr>\n<td style=\"text-align: left;\">Gesamt\u00adwer\u00adtung<\/td>\n<td style=\"text-align: center;\">&nbsp;<\/td>\n<td style=\"text-align: center; font-weight: bold;\">Sehr gut<\/td>\n<\/tr>\n<\/tbody>\n<\/table>\n<p>Neben der Bewer\u00adtung ein\u00adzel\u00adner Qua\u00adli\u00adt\u00e4ts\u00admerk\u00adma\u00adle wird auch eine Gesamt\u00adbe\u00adwer\u00adtung abge\u00adge\u00adben. In die\u00adsem Fall die Note \u201cSehr gut\u201d, was sich durch\u00adaus sehen las\u00adsen&nbsp;kann.<\/p>\n","protected":false},"excerpt":{"rendered":"<p>F\u00fcr den Test der Signal\u00adqua\u00adli\u00adt\u00e4t einer Sound\u00adl\u00f6\u00adsung set\u00adzen wir den Right\u00adMark Audio Ana\u00adly\u00adzer sein. Das Pro\u00adgramm absol\u00adviert ver\u00adschie\u00adde\u00adne Tests, misst dabei die Abwei\u00adchung zwi\u00adschen aus\u00adge\u00adge\u00adbe\u00adnem und emp\u00adfan\u00adge\u00adnen Audio\u00adsi\u00adgnal (Loop\u00adback zwi\u00adschen Line Out und Line In) und berei\u00adtet die Ergeb\u00adnis\u00adse sowohl tabel\u00adla\u00adrisch, als auch gra\u00adfisch auf. Auf die\u00adser Sei\u00adte haben wir kurz zusam\u00admen\u00adge\u00adfasst, wel\u00adche Bedeu\u00adtung die (\u2026) <a class=\"moretag\" href=\"https:\/\/www.planet3dnow.de\/cms\/begriffserlaeuterung-zu-audiomessungen-mit-dem-rightmark-audio-analyzer\/\">Wei\u00adter\u00adle\u00adsen&nbsp;\u00bb<\/a><\/p>\n","protected":false},"author":18,"featured_media":0,"parent":0,"menu_order":0,"comment_status":"closed","ping_status":"closed","template":"","meta":{"wp_typography_post_enhancements_disabled":false,"ngg_post_thumbnail":0,"footnotes":""},"class_list":["post-44347","page","type-page","status-publish","hentry","entry"],"_links":{"self":[{"href":"https:\/\/www.planet3dnow.de\/cms\/wp-json\/wp\/v2\/pages\/44347","targetHints":{"allow":["GET"]}}],"collection":[{"href":"https:\/\/www.planet3dnow.de\/cms\/wp-json\/wp\/v2\/pages"}],"about":[{"href":"https:\/\/www.planet3dnow.de\/cms\/wp-json\/wp\/v2\/types\/page"}],"author":[{"embeddable":true,"href":"https:\/\/www.planet3dnow.de\/cms\/wp-json\/wp\/v2\/users\/18"}],"replies":[{"embeddable":true,"href":"https:\/\/www.planet3dnow.de\/cms\/wp-json\/wp\/v2\/comments?post=44347"}],"version-history":[{"count":14,"href":"https:\/\/www.planet3dnow.de\/cms\/wp-json\/wp\/v2\/pages\/44347\/revisions"}],"predecessor-version":[{"id":44517,"href":"https:\/\/www.planet3dnow.de\/cms\/wp-json\/wp\/v2\/pages\/44347\/revisions\/44517"}],"wp:attachment":[{"href":"https:\/\/www.planet3dnow.de\/cms\/wp-json\/wp\/v2\/media?parent=44347"}],"curies":[{"name":"wp","href":"https:\/\/api.w.org\/{rel}","templated":true}]}}